{"id":2754,"date":"2021-04-15T09:30:16","date_gmt":"2021-04-15T09:30:16","guid":{"rendered":"http:\/\/localhost:8888\/educato\/?page_id=12"},"modified":"2025-12-10T19:42:25","modified_gmt":"2025-12-10T19:42:25","slug":"our-gallery","status":"publish","type":"page","link":"https:\/\/colegioimaculadaiic.com.br\/index.php\/our-gallery\/","title":{"rendered":"Galeria"},"content":{"rendered":"\t\t<div data-elementor-type=\"wp-page\" data-elementor-id=\"2754\" class=\"elementor elementor-2754\">\n\t\t\t\t\t\t<section class=\"elementor-section elementor-top-section elementor-element elementor-element-84ec935 elementor-section-full_width elementor-section-height-default elementor-section-height-default\" data-id=\"84ec935\" data-element_type=\"section\">\n\t\t\t\t\t\t<div class=\"elementor-container elementor-column-gap-no\">\n\t\t\t\t\t<div class=\"elementor-column elementor-col-100 elementor-top-column elementor-element elementor-element-f9b3717\" data-id=\"f9b3717\" data-element_type=\"column\">\n\t\t\t<div class=\"elementor-widget-wrap elementor-element-populated\">\n\t\t\t\t\t\t<div class=\"elementor-element elementor-element-894f0be elementor-widget elementor-widget-Elementor-portfolio-widget\" data-id=\"894f0be\" data-element_type=\"widget\" data-widget_type=\"Elementor-portfolio-widget.default\">\n\t\t\t\t<div class=\"elementor-widget-container\">\n\t\t\t\t\t<!-- gallery-area -->\n\n\n<section id=\"work\" class=\"pt-120 pb-90\">\n    <div class=\"container\">                  \n        <div class=\"portfolio \">\n            <div class=\"row align-items-center mb-50 text-center\">                          \n                <div class=\"col-lg-12\">\n                     <div class=\"my-masonry\">\n                 <div class=\"button-group filter-button-group \">                                \n                      <button class=\"active\" data-filter=\"*\">All Gallery<\/button>\n                                                  <button data-filter=\".face-masks\">Book Library<\/button>\n                                                  <button data-filter=\".geothermal-spa\">Hot Stone Massage<\/button>\n                                                  <button data-filter=\".aroma-therapy\">Online Classes<\/button>\n                                                  <button data-filter=\".sauna-relax\">Skilled<\/button>\n                                                         \n                    <\/div>\n                            <\/div>\n                                <\/div>\n                            <\/div>\n        <div class=\"grid col3\">\n                                              \n\n        <div class=\"grid-item geothermal-spa aroma-therapy sauna-relax\">                        \t\n                <div class=\"case-study-box\">\n                  <div class=\"case-study-img\">\n                      <a href=\"https:\/\/colegioimaculadaiic.com.br\/index.php\/portfolio\/kiring-maoko-web-development-4\/\"><\/a>\n                    <\/div>\n                   <div class=\"case-study-content\">\n                       <h5><a href=\"https:\/\/colegioimaculadaiic.com.br\/index.php\/portfolio\/kiring-maoko-web-development-4\/\">Experienced Faculties<\/a><\/h5> \n                    <\/div>\n                <\/div>\n          <\/div>\n                                               \n\n        <div class=\"grid-item face-masks aroma-therapy sauna-relax\">                        \t\n                <div class=\"case-study-box\">\n                  <div class=\"case-study-img\">\n                      <a href=\"https:\/\/colegioimaculadaiic.com.br\/index.php\/portfolio\/kiring-maoko-web-development-3\/\"><\/a>\n                    <\/div>\n                   <div class=\"case-study-content\">\n                       <h5><a href=\"https:\/\/colegioimaculadaiic.com.br\/index.php\/portfolio\/kiring-maoko-web-development-3\/\">Well Managed Libraries<\/a><\/h5> \n                    <\/div>\n                <\/div>\n          <\/div>\n                                   \n\n        <div class=\"grid-item geothermal-spa sauna-relax\">                        \t\n                <div class=\"case-study-box\">\n                  <div class=\"case-study-img\">\n                      <a href=\"https:\/\/colegioimaculadaiic.com.br\/index.php\/portfolio\/kiring-maoko-web-development-2\/\"><\/a>\n                    <\/div>\n                   <div class=\"case-study-content\">\n                       <h5><a href=\"https:\/\/colegioimaculadaiic.com.br\/index.php\/portfolio\/kiring-maoko-web-development-2\/\">Online Learning<\/a><\/h5> \n                    <\/div>\n                <\/div>\n          <\/div>\n                                   \n\n        <div class=\"grid-item aroma-therapy sauna-relax\">                        \t\n                <div class=\"case-study-box\">\n                  <div class=\"case-study-img\">\n                      <a href=\"https:\/\/colegioimaculadaiic.com.br\/index.php\/portfolio\/kiring-maoko-web-development\/\"><\/a>\n                    <\/div>\n                   <div class=\"case-study-content\">\n                       <h5><a href=\"https:\/\/colegioimaculadaiic.com.br\/index.php\/portfolio\/kiring-maoko-web-development\/\">Degree Achievement<\/a><\/h5> \n                    <\/div>\n                <\/div>\n          <\/div>\n                                               \n\n        <div class=\"grid-item face-masks aroma-therapy sauna-relax\">                        \t\n                <div class=\"case-study-box\">\n                  <div class=\"case-study-img\">\n                      <a href=\"https:\/\/colegioimaculadaiic.com.br\/index.php\/portfolio\/mikando-web-research-seo\/\"><\/a>\n                    <\/div>\n                   <div class=\"case-study-content\">\n                       <h5><a href=\"https:\/\/colegioimaculadaiic.com.br\/index.php\/portfolio\/mikando-web-research-seo\/\">Teaching Direction<\/a><\/h5> \n                    <\/div>\n                <\/div>\n          <\/div>\n                                   \n\n        <div class=\"grid-item face-masks sauna-relax\">                        \t\n                <div class=\"case-study-box\">\n                  <div class=\"case-study-img\">\n                      <a href=\"https:\/\/colegioimaculadaiic.com.br\/index.php\/portfolio\/web-traffic-management\/\"><\/a>\n                    <\/div>\n                   <div class=\"case-study-content\">\n                       <h5><a href=\"https:\/\/colegioimaculadaiic.com.br\/index.php\/portfolio\/web-traffic-management\/\">Kiring Maoko Web Development<\/a><\/h5> \n                    <\/div>\n                <\/div>\n          <\/div>\n                           \n        <\/div>\n\n<\/div>\n    <\/div>\n<\/section>\n\n\n<!-- gallery-area-end -->\t\t\t\t<\/div>\n\t\t\t\t<\/div>\n\t\t\t\t\t<\/div>\n\t\t<\/div>\n\t\t\t\t\t<\/div>\n\t\t<\/section>\n\t\t\t\t<\/div>\n\t\t","protected":false},"excerpt":{"rendered":"","protected":false},"author":1,"featured_media":0,"parent":0,"menu_order":0,"comment_status":"closed","ping_status":"closed","template":"inside.php","meta":{"_monsterinsights_skip_tracking":false,"_monsterinsights_sitenote_active":false,"_monsterinsights_sitenote_note":"","_monsterinsights_sitenote_category":0,"footnotes":""},"class_list":["post-2754","page","type-page","status-publish","hentry"],"yoast_head":"<!-- This site is optimized with the Yoast SEO plugin v27.4 - https:\/\/yoast.com\/product\/yoast-seo-wordpress\/ -->\n<title>Galeria - Col\u00e9gio Imaculada Concei\u00e7\u00e3o<\/title>\n<meta name=\"robots\" content=\"index, follow, max-snippet:-1, max-image-preview:large, max-video-preview:-1\" \/>\n<link rel=\"canonical\" href=\"https:\/\/colegioimaculadaiic.com.br\/index.php\/our-gallery\/\" \/>\n<meta property=\"og:locale\" content=\"pt_BR\" \/>\n<meta property=\"og:type\" content=\"article\" \/>\n<meta property=\"og:title\" content=\"Galeria - Col\u00e9gio Imaculada Concei\u00e7\u00e3o\" \/>\n<meta property=\"og:url\" content=\"https:\/\/colegioimaculadaiic.com.br\/index.php\/our-gallery\/\" \/>\n<meta property=\"og:site_name\" content=\"Col\u00e9gio Imaculada Concei\u00e7\u00e3o\" \/>\n<meta property=\"article:publisher\" content=\"https:\/\/www.facebook.com\/institutoimaculadaconceicao\/?locale=pt_BR\" \/>\n<meta property=\"article:modified_time\" content=\"2025-12-10T19:42:25+00:00\" \/>\n<meta name=\"twitter:card\" content=\"summary_large_image\" \/>\n<script type=\"application\/ld+json\" class=\"yoast-schema-graph\">{\"@context\":\"https:\\\/\\\/schema.org\",\"@graph\":[{\"@type\":\"WebPage\",\"@id\":\"https:\\\/\\\/colegioimaculadaiic.com.br\\\/index.php\\\/our-gallery\\\/\",\"url\":\"https:\\\/\\\/colegioimaculadaiic.com.br\\\/index.php\\\/our-gallery\\\/\",\"name\":\"Galeria - Col\u00e9gio Imaculada Concei\u00e7\u00e3o\",\"isPartOf\":{\"@id\":\"https:\\\/\\\/colegioimaculadaiic.com.br\\\/#website\"},\"datePublished\":\"2021-04-15T09:30:16+00:00\",\"dateModified\":\"2025-12-10T19:42:25+00:00\",\"breadcrumb\":{\"@id\":\"https:\\\/\\\/colegioimaculadaiic.com.br\\\/index.php\\\/our-gallery\\\/#breadcrumb\"},\"inLanguage\":\"pt-BR\",\"potentialAction\":[{\"@type\":\"ReadAction\",\"target\":[\"https:\\\/\\\/colegioimaculadaiic.com.br\\\/index.php\\\/our-gallery\\\/\"]}]},{\"@type\":\"BreadcrumbList\",\"@id\":\"https:\\\/\\\/colegioimaculadaiic.com.br\\\/index.php\\\/our-gallery\\\/#breadcrumb\",\"itemListElement\":[{\"@type\":\"ListItem\",\"position\":1,\"name\":\"In\u00edcio\",\"item\":\"https:\\\/\\\/colegioimaculadaiic.com.br\\\/\"},{\"@type\":\"ListItem\",\"position\":2,\"name\":\"Galeria\"}]},{\"@type\":\"WebSite\",\"@id\":\"https:\\\/\\\/colegioimaculadaiic.com.br\\\/#website\",\"url\":\"https:\\\/\\\/colegioimaculadaiic.com.br\\\/\",\"name\":\"Col\u00e9gio Imaculada Concei\u00e7\u00e3o\",\"description\":\"\",\"publisher\":{\"@id\":\"https:\\\/\\\/colegioimaculadaiic.com.br\\\/#organization\"},\"potentialAction\":[{\"@type\":\"SearchAction\",\"target\":{\"@type\":\"EntryPoint\",\"urlTemplate\":\"https:\\\/\\\/colegioimaculadaiic.com.br\\\/?s={search_term_string}\"},\"query-input\":{\"@type\":\"PropertyValueSpecification\",\"valueRequired\":true,\"valueName\":\"search_term_string\"}}],\"inLanguage\":\"pt-BR\"},{\"@type\":\"Organization\",\"@id\":\"https:\\\/\\\/colegioimaculadaiic.com.br\\\/#organization\",\"name\":\"Col\u00e9gio Imaculada Concei\u00e7\u00e3o\",\"url\":\"https:\\\/\\\/colegioimaculadaiic.com.br\\\/\",\"logo\":{\"@type\":\"ImageObject\",\"inLanguage\":\"pt-BR\",\"@id\":\"https:\\\/\\\/colegioimaculadaiic.com.br\\\/#\\\/schema\\\/logo\\\/image\\\/\",\"url\":\"https:\\\/\\\/colegioimaculadaiic.com.br\\\/wp-content\\\/uploads\\\/2025\\\/11\\\/cropped-logo.jpg\",\"contentUrl\":\"https:\\\/\\\/colegioimaculadaiic.com.br\\\/wp-content\\\/uploads\\\/2025\\\/11\\\/cropped-logo.jpg\",\"width\":688,\"height\":688,\"caption\":\"Col\u00e9gio Imaculada Concei\u00e7\u00e3o\"},\"image\":{\"@id\":\"https:\\\/\\\/colegioimaculadaiic.com.br\\\/#\\\/schema\\\/logo\\\/image\\\/\"},\"sameAs\":[\"https:\\\/\\\/www.facebook.com\\\/institutoimaculadaconceicao\\\/?locale=pt_BR\",\"https:\\\/\\\/www.instagram.com\\\/institutoimaculadaconceicao\\\/\"]}]}<\/script>\n<!-- \/ Yoast SEO plugin. -->","yoast_head_json":{"title":"Galeria - Col\u00e9gio Imaculada Concei\u00e7\u00e3o","robots":{"index":"index","follow":"follow","max-snippet":"max-snippet:-1","max-image-preview":"max-image-preview:large","max-video-preview":"max-video-preview:-1"},"canonical":"https:\/\/colegioimaculadaiic.com.br\/index.php\/our-gallery\/","og_locale":"pt_BR","og_type":"article","og_title":"Galeria - Col\u00e9gio Imaculada Concei\u00e7\u00e3o","og_url":"https:\/\/colegioimaculadaiic.com.br\/index.php\/our-gallery\/","og_site_name":"Col\u00e9gio Imaculada Concei\u00e7\u00e3o","article_publisher":"https:\/\/www.facebook.com\/institutoimaculadaconceicao\/?locale=pt_BR","article_modified_time":"2025-12-10T19:42:25+00:00","twitter_card":"summary_large_image","schema":{"@context":"https:\/\/schema.org","@graph":[{"@type":"WebPage","@id":"https:\/\/colegioimaculadaiic.com.br\/index.php\/our-gallery\/","url":"https:\/\/colegioimaculadaiic.com.br\/index.php\/our-gallery\/","name":"Galeria - Col\u00e9gio Imaculada Concei\u00e7\u00e3o","isPartOf":{"@id":"https:\/\/colegioimaculadaiic.com.br\/#website"},"datePublished":"2021-04-15T09:30:16+00:00","dateModified":"2025-12-10T19:42:25+00:00","breadcrumb":{"@id":"https:\/\/colegioimaculadaiic.com.br\/index.php\/our-gallery\/#breadcrumb"},"inLanguage":"pt-BR","potentialAction":[{"@type":"ReadAction","target":["https:\/\/colegioimaculadaiic.com.br\/index.php\/our-gallery\/"]}]},{"@type":"BreadcrumbList","@id":"https:\/\/colegioimaculadaiic.com.br\/index.php\/our-gallery\/#breadcrumb","itemListElement":[{"@type":"ListItem","position":1,"name":"In\u00edcio","item":"https:\/\/colegioimaculadaiic.com.br\/"},{"@type":"ListItem","position":2,"name":"Galeria"}]},{"@type":"WebSite","@id":"https:\/\/colegioimaculadaiic.com.br\/#website","url":"https:\/\/colegioimaculadaiic.com.br\/","name":"Col\u00e9gio Imaculada Concei\u00e7\u00e3o","description":"","publisher":{"@id":"https:\/\/colegioimaculadaiic.com.br\/#organization"},"potentialAction":[{"@type":"SearchAction","target":{"@type":"EntryPoint","urlTemplate":"https:\/\/colegioimaculadaiic.com.br\/?s={search_term_string}"},"query-input":{"@type":"PropertyValueSpecification","valueRequired":true,"valueName":"search_term_string"}}],"inLanguage":"pt-BR"},{"@type":"Organization","@id":"https:\/\/colegioimaculadaiic.com.br\/#organization","name":"Col\u00e9gio Imaculada Concei\u00e7\u00e3o","url":"https:\/\/colegioimaculadaiic.com.br\/","logo":{"@type":"ImageObject","inLanguage":"pt-BR","@id":"https:\/\/colegioimaculadaiic.com.br\/#\/schema\/logo\/image\/","url":"https:\/\/colegioimaculadaiic.com.br\/wp-content\/uploads\/2025\/11\/cropped-logo.jpg","contentUrl":"https:\/\/colegioimaculadaiic.com.br\/wp-content\/uploads\/2025\/11\/cropped-logo.jpg","width":688,"height":688,"caption":"Col\u00e9gio Imaculada Concei\u00e7\u00e3o"},"image":{"@id":"https:\/\/colegioimaculadaiic.com.br\/#\/schema\/logo\/image\/"},"sameAs":["https:\/\/www.facebook.com\/institutoimaculadaconceicao\/?locale=pt_BR","https:\/\/www.instagram.com\/institutoimaculadaconceicao\/"]}]}},"_links":{"self":[{"href":"https:\/\/colegioimaculadaiic.com.br\/index.php\/wp-json\/wp\/v2\/pages\/2754","targetHints":{"allow":["GET"]}}],"collection":[{"href":"https:\/\/colegioimaculadaiic.com.br\/index.php\/wp-json\/wp\/v2\/pages"}],"about":[{"href":"https:\/\/colegioimaculadaiic.com.br\/index.php\/wp-json\/wp\/v2\/types\/page"}],"author":[{"embeddable":true,"href":"https:\/\/colegioimaculadaiic.com.br\/index.php\/wp-json\/wp\/v2\/users\/1"}],"replies":[{"embeddable":true,"href":"https:\/\/colegioimaculadaiic.com.br\/index.php\/wp-json\/wp\/v2\/comments?post=2754"}],"version-history":[{"count":2,"href":"https:\/\/colegioimaculadaiic.com.br\/index.php\/wp-json\/wp\/v2\/pages\/2754\/revisions"}],"predecessor-version":[{"id":2968,"href":"https:\/\/colegioimaculadaiic.com.br\/index.php\/wp-json\/wp\/v2\/pages\/2754\/revisions\/2968"}],"wp:attachment":[{"href":"https:\/\/colegioimaculadaiic.com.br\/index.php\/wp-json\/wp\/v2\/media?parent=2754"}],"curies":[{"name":"wp","href":"https:\/\/api.w.org\/{rel}","templated":true}]}}