{"id":3273,"date":"2026-03-31T21:14:24","date_gmt":"2026-03-31T21:14:24","guid":{"rendered":"https:\/\/colegioimaculadaiic.com.br\/?page_id=3273"},"modified":"2026-03-31T21:37:29","modified_gmt":"2026-03-31T21:37:29","slug":"ensino-fundamental-anos-iniciais","status":"publish","type":"page","link":"https:\/\/colegioimaculadaiic.com.br\/index.php\/ensino-fundamental-anos-iniciais\/","title":{"rendered":"Ensino Fundamental &#8211; Anos Iniciais"},"content":{"rendered":"\n<h2 class=\"wp-block-heading\"><strong>Lista de Materiais Escolares 2026<\/strong><\/h2>\n\n\n\n<h2 class=\"wp-block-heading has-large-font-size\">1\u00ba Ano<\/h2>\n\n\n\n<p><strong>Material Escolar<\/strong><\/p>\n\n\n\n<ul class=\"wp-block-list\">\n<li>\u202202 cadernos brochura- 48 folhas (L\u00edngua Portuguesa e Ingl\u00eas)<\/li>\n\n\n\n<li>\u202201 caderno quadriculado 48 folhas, medida exatamente 1cm (Matem\u00e1tica)<\/li>\n\n\n\n<li>\u202201 caderno de desenho 48 folhas<\/li>\n\n\n\n<li>\u202201 caderno de caligrafia, capa dura e pauta padr\u00e3o<\/li>\n\n\n\n<li>\u202201 pasta cat\u00e1logo<\/li>\n\n\n\n<li>\u202201 caixa de l\u00e1pis de cor<\/li>\n\n\n\n<li>\u202203 l\u00e1pis pretos n\u00b002<\/li>\n\n\n\n<li>\u202202 borrachas macias<\/li>\n\n\n\n<li>\u202201 apontador com dep\u00f3sito<\/li>\n\n\n\n<li>\u202203 tubos de cola bast\u00e3o \/ grande<\/li>\n\n\n\n<li>\u202201 estojo simples<\/li>\n\n\n\n<li>\u202201 tesoura sem ponta<\/li>\n\n\n\n<li>\u202201 \u00e1baco simples em mdf vertical\/ aberto<\/li>\n\n\n\n<li>\u202201 material dourado individual<\/li>\n\n\n\n<li>\u202201 squeeze para \u00e1gua<\/li>\n\n\n\n<li>\u202201 revista para recorte<\/li>\n\n\n\n<li>\u202201 Gibi<\/li>\n\n\n\n<li>\u202201 agenda anual simples para anota\u00e7\u00f5es de tarefas e informativos<\/li>\n\n\n\n<li>\u202201 pasta el\u00e1stica<\/li>\n<\/ul>\n\n\n\n<p><strong>\ud83d\udcccRecomenda\u00e7\u00f5es<\/strong><\/p>\n\n\n\n<ul class=\"wp-block-list\">\n<li>\u2022Todo o material deve ser identificado com o nome da crian\u00e7a e fase escolar<\/li>\n\n\n\n<li>\u2022O in\u00edcio das aulas ser\u00e1 no dia 26\/01\/2026<\/li>\n\n\n\n<li>\u2022\u00c9 obrigat\u00f3rio que o (a) aluno (a) traje o uniforme escolar completo<\/li>\n<\/ul>\n\n\n\n<h2 class=\"wp-block-heading has-large-font-size\">2\u00ba Ano<\/h2>\n\n\n\n<p><strong>Material Escolar<\/strong><\/p>\n\n\n\n<ul class=\"wp-block-list\">\n<li>\u202202 cadernos brochura, grande, capa dura (96 folhas)<\/li>\n\n\n\n<li>\u202201 pasta cat\u00e1logo<\/li>\n\n\n\n<li>\u202201 caixa de l\u00e1pis de cor<\/li>\n\n\n\n<li>\u202201 caixa de canetas hidrogr\u00e1ficas<\/li>\n\n\n\n<li>\u202202 l\u00e1pis n\u00b02<\/li>\n\n\n\n<li>\u202203 canetas- marca texto (sugest\u00e3o: gel- cor amarela)<\/li>\n\n\n\n<li>\u202202 borrachas macias<\/li>\n\n\n\n<li>\u202201 r\u00e9gua 30 cm<\/li>\n\n\n\n<li>\u202201 apontador com dep\u00f3sito<\/li>\n\n\n\n<li>\u202201 Estojo grande<\/li>\n\n\n\n<li>\u202203 tubos de cola bast\u00e3o grande<\/li>\n\n\n\n<li>\u202201 cola l\u00edquida<\/li>\n\n\n\n<li>\u202201 tesoura sem ponta<\/li>\n\n\n\n<li>\u202202 Gibis<\/li>\n\n\n\n<li>\u202201 revista para recorte<\/li>\n\n\n\n<li>\u202201 Conjunto de material dourado individual<\/li>\n\n\n\n<li>\u202201 squeeze para \u00e1gua<\/li>\n\n\n\n<li>\u202201 agenda anual simples para anota\u00e7\u00f5es de tarefas e informativos<\/li>\n\n\n\n<li>\u202201 pasta com el\u00e1stico simples<\/li>\n<\/ul>\n\n\n\n<p><strong>\ud83d\udcccRecomenda\u00e7\u00f5es<\/strong><\/p>\n\n\n\n<ul class=\"wp-block-list\">\n<li>\u2022Todo o material deve ser identificado com o nome da crian\u00e7a e fase escolar<\/li>\n\n\n\n<li>\u2022O in\u00edcio das aulas ser\u00e1 no dia 26\/01\/2026<\/li>\n\n\n\n<li>\u2022\u00c9 obrigat\u00f3rio que o (a) aluno (a) traje o uniforme escolar completo<\/li>\n<\/ul>\n\n\n\n<p><\/p>\n\n\n\n<h2 class=\"wp-block-heading has-large-font-size\">3\u00ba Ano<\/h2>\n\n\n\n<p><strong>Material Escolar<\/strong><\/p>\n\n\n\n<ul class=\"wp-block-list\">\n<li>\u202201 cadernos universit\u00e1rios- 96 folhas<\/li>\n\n\n\n<li>\u202201 caderno quadriculado exatamente 1 cm x 1 cm- 96 folhas<\/li>\n\n\n\n<li>\u202201 pasta cat\u00e1logo<\/li>\n\n\n\n<li>\u202201 caixa de l\u00e1pis de cor<\/li>\n\n\n\n<li>\u202201 caixa de canetas hidrogr\u00e1ficas<\/li>\n\n\n\n<li>\u202203 l\u00e1pis n\u00b02<\/li>\n\n\n\n<li>\u202202 borrachas<\/li>\n\n\n\n<li>\u202202 canetas- marca texto (sugest\u00e3o: gel- cor amarela)<\/li>\n\n\n\n<li>\u202201 r\u00e9gua graduada 30 cm transparente<\/li>\n\n\n\n<li>\u202201 apontador com dep\u00f3sito<\/li>\n\n\n\n<li>\u202201 pasta com el\u00e1stico<\/li>\n\n\n\n<li>\u202202 tubos de cola bast\u00e3o, grande<\/li>\n\n\n\n<li>\u202201 tesoura sem ponta<\/li>\n\n\n\n<li>\u202203 gibis para gibiteca<\/li>\n\n\n\n<li>\u202202 revistas para recorte<\/li>\n\n\n\n<li>\u202201 squeeze para \u00e1gua<\/li>\n\n\n\n<li>\u202201 agenda anual separadas por um dia em cada p\u00e1gina<\/li>\n<\/ul>\n\n\n\n<p><strong>\ud83d\udcccRecomenda\u00e7\u00f5es<\/strong><\/p>\n\n\n\n<ul class=\"wp-block-list\">\n<li>\u2022Todo o material deve ser identificado com o nome da crian\u00e7a e fase escolar<\/li>\n\n\n\n<li>\u2022O in\u00edcio das aulas ser\u00e1 no dia 26\/01\/2026<\/li>\n\n\n\n<li>\u2022\u00c9 obrigat\u00f3rio que o (a) aluno (a) traje o uniforme escolar completo<\/li>\n<\/ul>\n\n\n\n<h2 class=\"wp-block-heading has-large-font-size\">4\u00ba Ano<\/h2>\n\n\n\n<p><strong>Material Escolar<\/strong><\/p>\n\n\n\n<ul class=\"wp-block-list\">\n<li>\u202201 caderno universit\u00e1rio, 10 mat\u00e9rias<\/li>\n\n\n\n<li>\u202201 caderno quadriculado universit\u00e1rio exatamente 1 cm x 1 cm- 96 folhas<\/li>\n\n\n\n<li>\u202201 caderno brochura (96 folhas) para o ensino religioso<\/li>\n\n\n\n<li>\u202201 caixa de l\u00e1pis de cor<\/li>\n\n\n\n<li>\u202202 canetas coloridas de ponta fina<\/li>\n\n\n\n<li>\u202203 l\u00e1pis n\u00b02<\/li>\n\n\n\n<li>\u202202 borrachas macias<\/li>\n\n\n\n<li>\u202202 canetas- marca texto (sugest\u00e3o: gel- cor amarela)<\/li>\n\n\n\n<li>\u202201 r\u00e9gua graduada 30 cm transparente<\/li>\n\n\n\n<li>\u202201 apontador com dep\u00f3sito<\/li>\n\n\n\n<li>\u202201 pasta cat\u00e1logo<\/li>\n\n\n\n<li>\u202201 pasta com el\u00e1stico<\/li>\n\n\n\n<li>\u202202 tubos de cola, grande<\/li>\n\n\n\n<li>\u202201 tesoura sem ponta<\/li>\n\n\n\n<li>\u202201 squeeze para \u00e1gua<\/li>\n\n\n\n<li>\u202201 agenda anual simples para anota\u00e7\u00f5es de tarefas e informativos<\/li>\n\n\n\n<li>\u202201 Dicion\u00e1rio: Mini Aur\u00e9lio da L\u00edngua Portuguesa<\/li>\n\n\n\n<li>\u202202 canetas esferogr\u00e1ficas azul e preta<\/li>\n\n\n\n<li>\u202201 revista para recorte<\/li>\n<\/ul>\n\n\n\n<p><strong>\ud83d\udcccRecomenda\u00e7\u00f5es<\/strong><\/p>\n\n\n\n<ul class=\"wp-block-list\">\n<li>\u2022Todo o material deve ser identificado com o nome da crian\u00e7a e fase escolar<\/li>\n\n\n\n<li>\u2022O in\u00edcio das aulas ser\u00e1 no dia 26\/01\/2026<\/li>\n\n\n\n<li>\u2022\u00c9 obrigat\u00f3rio que o (a) aluno (a) traje o uniforme escolar completo<\/li>\n<\/ul>\n\n\n\n<h2 class=\"wp-block-heading has-large-font-size\">5\u00ba Ano<\/h2>\n\n\n\n<p><strong>Material Escolar<\/strong><\/p>\n\n\n\n<ul class=\"wp-block-list\">\n<li>\u202201 caderno universit\u00e1rio 10 mat\u00e9rias<\/li>\n\n\n\n<li>\u202201 caderno quadriculado universit\u00e1rio exatamente 1 cm x 1 cm- 96 folhas<\/li>\n\n\n\n<li>\u202201 caderno brochura para o ensino religioso<\/li>\n\n\n\n<li>\u202201 caixa de l\u00e1pis de cor<\/li>\n\n\n\n<li>\u202201 caixa de canetas hidrogr\u00e1ficas<\/li>\n\n\n\n<li>\u202203 l\u00e1pis n\u00b02<\/li>\n\n\n\n<li>\u202202 canetas (azul e preta)<\/li>\n\n\n\n<li>\u202201 corretivo (a escolher)<\/li>\n\n\n\n<li>\u202202 borrachas macias<\/li>\n\n\n\n<li>\u202202 canetas- marca texto (sugest\u00e3o: gel- cor amarela)<\/li>\n\n\n\n<li>\u202201 r\u00e9gua graduada 30 cm transparente r\u00edgida<\/li>\n\n\n\n<li>\u202201 apontador com dep\u00f3sito<\/li>\n\n\n\n<li>\u202201 pasta cat\u00e1logo<\/li>\n\n\n\n<li>\u202201 pasta com el\u00e1stico<\/li>\n\n\n\n<li>\u202202 tubos de cola bast\u00e3o, grande<\/li>\n\n\n\n<li>\u202201 tesoura sem ponta<\/li>\n\n\n\n<li>\u202201 gibi<\/li>\n\n\n\n<li>\u202201 transferidor<\/li>\n\n\n\n<li>\u202201 esquadro<\/li>\n\n\n\n<li>\u202201 compasso simples, de boa qualidade, de prefer\u00eancia emborrachado<\/li>\n\n\n\n<li>\u202201 squeeze para \u00e1gua<\/li>\n\n\n\n<li>\u202201 agenda anual separadas por um dia em cada p\u00e1gina<\/li>\n\n\n\n<li>\u202201 revista para recorte<\/li>\n<\/ul>\n\n\n\n<p><strong>\ud83d\udcccRecomenda\u00e7\u00f5es<\/strong><\/p>\n\n\n\n<ul class=\"wp-block-list\">\n<li>\u2022Todo o material deve ser identificado com o nome da crian\u00e7a e fase escolar<\/li>\n\n\n\n<li>\u2022O in\u00edcio das aulas ser\u00e1 no dia 26\/01\/2026<\/li>\n\n\n\n<li>\u2022\u00c9 obrigat\u00f3rio que o (a) aluno (a) traje o uniforme escolar completo<\/li>\n<\/ul>\n\n\n\n<p><\/p>\n","protected":false},"excerpt":{"rendered":"<p>Lista de Materiais Escolares 2026 1\u00ba Ano Material Escolar \ud83d\udcccRecomenda\u00e7\u00f5es 2\u00ba Ano Material Escolar \ud83d\udcccRecomenda\u00e7\u00f5es 3\u00ba Ano Material Escolar \ud83d\udcccRecomenda\u00e7\u00f5es 4\u00ba Ano Material Escolar \ud83d\udcccRecomenda\u00e7\u00f5es 5\u00ba Ano Material Escolar \ud83d\udcccRecomenda\u00e7\u00f5es<\/p>\n","protected":false},"author":1,"featured_media":0,"parent":0,"menu_order":0,"comment_status":"closed","ping_status":"closed","template":"","meta":{"_monsterinsights_skip_tracking":false,"_monsterinsights_sitenote_active":false,"_monsterinsights_sitenote_note":"","_monsterinsights_sitenote_category":0,"footnotes":""},"class_list":["post-3273","page","type-page","status-publish","hentry"],"yoast_head":"<!-- This site is optimized with the Yoast SEO plugin v27.4 - https:\/\/yoast.com\/product\/yoast-seo-wordpress\/ -->\n<title>Ensino Fundamental - Anos Iniciais - Col\u00e9gio Imaculada Concei\u00e7\u00e3o<\/title>\n<meta name=\"robots\" content=\"index, follow, max-snippet:-1, max-image-preview:large, max-video-preview:-1\" \/>\n<link rel=\"canonical\" href=\"https:\/\/colegioimaculadaiic.com.br\/index.php\/ensino-fundamental-anos-iniciais\/\" \/>\n<meta property=\"og:locale\" content=\"pt_BR\" \/>\n<meta property=\"og:type\" content=\"article\" \/>\n<meta property=\"og:title\" content=\"Ensino Fundamental - Anos Iniciais - Col\u00e9gio Imaculada Concei\u00e7\u00e3o\" \/>\n<meta property=\"og:description\" content=\"Lista de Materiais Escolares 2026 1\u00ba Ano Material Escolar \ud83d\udcccRecomenda\u00e7\u00f5es 2\u00ba Ano Material Escolar \ud83d\udcccRecomenda\u00e7\u00f5es 3\u00ba Ano Material Escolar \ud83d\udcccRecomenda\u00e7\u00f5es 4\u00ba Ano Material Escolar \ud83d\udcccRecomenda\u00e7\u00f5es 5\u00ba Ano Material Escolar \ud83d\udcccRecomenda\u00e7\u00f5es\" \/>\n<meta property=\"og:url\" content=\"https:\/\/colegioimaculadaiic.com.br\/index.php\/ensino-fundamental-anos-iniciais\/\" \/>\n<meta property=\"og:site_name\" content=\"Col\u00e9gio Imaculada Concei\u00e7\u00e3o\" \/>\n<meta property=\"article:publisher\" content=\"https:\/\/www.facebook.com\/institutoimaculadaconceicao\/?locale=pt_BR\" \/>\n<meta property=\"article:modified_time\" content=\"2026-03-31T21:37:29+00:00\" \/>\n<meta name=\"twitter:card\" content=\"summary_large_image\" \/>\n<meta name=\"twitter:label1\" content=\"Est. tempo de leitura\" \/>\n\t<meta name=\"twitter:data1\" content=\"3 minutos\" \/>\n<script type=\"application\/ld+json\" class=\"yoast-schema-graph\">{\"@context\":\"https:\\\/\\\/schema.org\",\"@graph\":[{\"@type\":\"WebPage\",\"@id\":\"https:\\\/\\\/colegioimaculadaiic.com.br\\\/index.php\\\/ensino-fundamental-anos-iniciais\\\/\",\"url\":\"https:\\\/\\\/colegioimaculadaiic.com.br\\\/index.php\\\/ensino-fundamental-anos-iniciais\\\/\",\"name\":\"Ensino Fundamental - Anos Iniciais - Col\u00e9gio Imaculada Concei\u00e7\u00e3o\",\"isPartOf\":{\"@id\":\"https:\\\/\\\/colegioimaculadaiic.com.br\\\/#website\"},\"datePublished\":\"2026-03-31T21:14:24+00:00\",\"dateModified\":\"2026-03-31T21:37:29+00:00\",\"breadcrumb\":{\"@id\":\"https:\\\/\\\/colegioimaculadaiic.com.br\\\/index.php\\\/ensino-fundamental-anos-iniciais\\\/#breadcrumb\"},\"inLanguage\":\"pt-BR\",\"potentialAction\":[{\"@type\":\"ReadAction\",\"target\":[\"https:\\\/\\\/colegioimaculadaiic.com.br\\\/index.php\\\/ensino-fundamental-anos-iniciais\\\/\"]}]},{\"@type\":\"BreadcrumbList\",\"@id\":\"https:\\\/\\\/colegioimaculadaiic.com.br\\\/index.php\\\/ensino-fundamental-anos-iniciais\\\/#breadcrumb\",\"itemListElement\":[{\"@type\":\"ListItem\",\"position\":1,\"name\":\"In\u00edcio\",\"item\":\"https:\\\/\\\/colegioimaculadaiic.com.br\\\/\"},{\"@type\":\"ListItem\",\"position\":2,\"name\":\"Ensino Fundamental &#8211; Anos Iniciais\"}]},{\"@type\":\"WebSite\",\"@id\":\"https:\\\/\\\/colegioimaculadaiic.com.br\\\/#website\",\"url\":\"https:\\\/\\\/colegioimaculadaiic.com.br\\\/\",\"name\":\"Col\u00e9gio Imaculada Concei\u00e7\u00e3o\",\"description\":\"\",\"publisher\":{\"@id\":\"https:\\\/\\\/colegioimaculadaiic.com.br\\\/#organization\"},\"potentialAction\":[{\"@type\":\"SearchAction\",\"target\":{\"@type\":\"EntryPoint\",\"urlTemplate\":\"https:\\\/\\\/colegioimaculadaiic.com.br\\\/?s={search_term_string}\"},\"query-input\":{\"@type\":\"PropertyValueSpecification\",\"valueRequired\":true,\"valueName\":\"search_term_string\"}}],\"inLanguage\":\"pt-BR\"},{\"@type\":\"Organization\",\"@id\":\"https:\\\/\\\/colegioimaculadaiic.com.br\\\/#organization\",\"name\":\"Col\u00e9gio Imaculada Concei\u00e7\u00e3o\",\"url\":\"https:\\\/\\\/colegioimaculadaiic.com.br\\\/\",\"logo\":{\"@type\":\"ImageObject\",\"inLanguage\":\"pt-BR\",\"@id\":\"https:\\\/\\\/colegioimaculadaiic.com.br\\\/#\\\/schema\\\/logo\\\/image\\\/\",\"url\":\"https:\\\/\\\/colegioimaculadaiic.com.br\\\/wp-content\\\/uploads\\\/2025\\\/11\\\/cropped-logo.jpg\",\"contentUrl\":\"https:\\\/\\\/colegioimaculadaiic.com.br\\\/wp-content\\\/uploads\\\/2025\\\/11\\\/cropped-logo.jpg\",\"width\":688,\"height\":688,\"caption\":\"Col\u00e9gio Imaculada Concei\u00e7\u00e3o\"},\"image\":{\"@id\":\"https:\\\/\\\/colegioimaculadaiic.com.br\\\/#\\\/schema\\\/logo\\\/image\\\/\"},\"sameAs\":[\"https:\\\/\\\/www.facebook.com\\\/institutoimaculadaconceicao\\\/?locale=pt_BR\",\"https:\\\/\\\/www.instagram.com\\\/institutoimaculadaconceicao\\\/\"]}]}<\/script>\n<!-- \/ Yoast SEO plugin. -->","yoast_head_json":{"title":"Ensino Fundamental - Anos Iniciais - Col\u00e9gio Imaculada Concei\u00e7\u00e3o","robots":{"index":"index","follow":"follow","max-snippet":"max-snippet:-1","max-image-preview":"max-image-preview:large","max-video-preview":"max-video-preview:-1"},"canonical":"https:\/\/colegioimaculadaiic.com.br\/index.php\/ensino-fundamental-anos-iniciais\/","og_locale":"pt_BR","og_type":"article","og_title":"Ensino Fundamental - Anos Iniciais - Col\u00e9gio Imaculada Concei\u00e7\u00e3o","og_description":"Lista de Materiais Escolares 2026 1\u00ba Ano Material Escolar \ud83d\udcccRecomenda\u00e7\u00f5es 2\u00ba Ano Material Escolar \ud83d\udcccRecomenda\u00e7\u00f5es 3\u00ba Ano Material Escolar \ud83d\udcccRecomenda\u00e7\u00f5es 4\u00ba Ano Material Escolar \ud83d\udcccRecomenda\u00e7\u00f5es 5\u00ba Ano Material Escolar \ud83d\udcccRecomenda\u00e7\u00f5es","og_url":"https:\/\/colegioimaculadaiic.com.br\/index.php\/ensino-fundamental-anos-iniciais\/","og_site_name":"Col\u00e9gio Imaculada Concei\u00e7\u00e3o","article_publisher":"https:\/\/www.facebook.com\/institutoimaculadaconceicao\/?locale=pt_BR","article_modified_time":"2026-03-31T21:37:29+00:00","twitter_card":"summary_large_image","twitter_misc":{"Est. tempo de leitura":"3 minutos"},"schema":{"@context":"https:\/\/schema.org","@graph":[{"@type":"WebPage","@id":"https:\/\/colegioimaculadaiic.com.br\/index.php\/ensino-fundamental-anos-iniciais\/","url":"https:\/\/colegioimaculadaiic.com.br\/index.php\/ensino-fundamental-anos-iniciais\/","name":"Ensino Fundamental - Anos Iniciais - Col\u00e9gio Imaculada Concei\u00e7\u00e3o","isPartOf":{"@id":"https:\/\/colegioimaculadaiic.com.br\/#website"},"datePublished":"2026-03-31T21:14:24+00:00","dateModified":"2026-03-31T21:37:29+00:00","breadcrumb":{"@id":"https:\/\/colegioimaculadaiic.com.br\/index.php\/ensino-fundamental-anos-iniciais\/#breadcrumb"},"inLanguage":"pt-BR","potentialAction":[{"@type":"ReadAction","target":["https:\/\/colegioimaculadaiic.com.br\/index.php\/ensino-fundamental-anos-iniciais\/"]}]},{"@type":"BreadcrumbList","@id":"https:\/\/colegioimaculadaiic.com.br\/index.php\/ensino-fundamental-anos-iniciais\/#breadcrumb","itemListElement":[{"@type":"ListItem","position":1,"name":"In\u00edcio","item":"https:\/\/colegioimaculadaiic.com.br\/"},{"@type":"ListItem","position":2,"name":"Ensino Fundamental &#8211; Anos Iniciais"}]},{"@type":"WebSite","@id":"https:\/\/colegioimaculadaiic.com.br\/#website","url":"https:\/\/colegioimaculadaiic.com.br\/","name":"Col\u00e9gio Imaculada Concei\u00e7\u00e3o","description":"","publisher":{"@id":"https:\/\/colegioimaculadaiic.com.br\/#organization"},"potentialAction":[{"@type":"SearchAction","target":{"@type":"EntryPoint","urlTemplate":"https:\/\/colegioimaculadaiic.com.br\/?s={search_term_string}"},"query-input":{"@type":"PropertyValueSpecification","valueRequired":true,"valueName":"search_term_string"}}],"inLanguage":"pt-BR"},{"@type":"Organization","@id":"https:\/\/colegioimaculadaiic.com.br\/#organization","name":"Col\u00e9gio Imaculada Concei\u00e7\u00e3o","url":"https:\/\/colegioimaculadaiic.com.br\/","logo":{"@type":"ImageObject","inLanguage":"pt-BR","@id":"https:\/\/colegioimaculadaiic.com.br\/#\/schema\/logo\/image\/","url":"https:\/\/colegioimaculadaiic.com.br\/wp-content\/uploads\/2025\/11\/cropped-logo.jpg","contentUrl":"https:\/\/colegioimaculadaiic.com.br\/wp-content\/uploads\/2025\/11\/cropped-logo.jpg","width":688,"height":688,"caption":"Col\u00e9gio Imaculada Concei\u00e7\u00e3o"},"image":{"@id":"https:\/\/colegioimaculadaiic.com.br\/#\/schema\/logo\/image\/"},"sameAs":["https:\/\/www.facebook.com\/institutoimaculadaconceicao\/?locale=pt_BR","https:\/\/www.instagram.com\/institutoimaculadaconceicao\/"]}]}},"_links":{"self":[{"href":"https:\/\/colegioimaculadaiic.com.br\/index.php\/wp-json\/wp\/v2\/pages\/3273","targetHints":{"allow":["GET"]}}],"collection":[{"href":"https:\/\/colegioimaculadaiic.com.br\/index.php\/wp-json\/wp\/v2\/pages"}],"about":[{"href":"https:\/\/colegioimaculadaiic.com.br\/index.php\/wp-json\/wp\/v2\/types\/page"}],"author":[{"embeddable":true,"href":"https:\/\/colegioimaculadaiic.com.br\/index.php\/wp-json\/wp\/v2\/users\/1"}],"replies":[{"embeddable":true,"href":"https:\/\/colegioimaculadaiic.com.br\/index.php\/wp-json\/wp\/v2\/comments?post=3273"}],"version-history":[{"count":3,"href":"https:\/\/colegioimaculadaiic.com.br\/index.php\/wp-json\/wp\/v2\/pages\/3273\/revisions"}],"predecessor-version":[{"id":3297,"href":"https:\/\/colegioimaculadaiic.com.br\/index.php\/wp-json\/wp\/v2\/pages\/3273\/revisions\/3297"}],"wp:attachment":[{"href":"https:\/\/colegioimaculadaiic.com.br\/index.php\/wp-json\/wp\/v2\/media?parent=3273"}],"curies":[{"name":"wp","href":"https:\/\/api.w.org\/{rel}","templated":true}]}}