{"id":3279,"date":"2026-03-31T21:20:48","date_gmt":"2026-03-31T21:20:48","guid":{"rendered":"https:\/\/colegioimaculadaiic.com.br\/?page_id=3279"},"modified":"2026-03-31T21:36:42","modified_gmt":"2026-03-31T21:36:42","slug":"ensino-medio","status":"publish","type":"page","link":"https:\/\/colegioimaculadaiic.com.br\/index.php\/ensino-medio\/","title":{"rendered":"Ensino M\u00e9dio"},"content":{"rendered":"\n<h2 class=\"wp-block-heading has-large-font-size\"><strong>Lista de Materiais Escolares 2026<\/strong><\/h2>\n\n\n\n<h2 class=\"wp-block-heading has-large-font-size\">1\u00aa \u00e0 3\u00aa S\u00e9rie<\/h2>\n\n\n\n<p><strong>Material Escolar<\/strong><\/p>\n\n\n\n<ul class=\"wp-block-list\">\n<li>\u2022Material Did\u00e1tico: Sistema de Ensino Poliedro<\/li>\n\n\n\n<li>\u2022Gram\u00e1tica, Literatura, Reda\u00e7\u00e3o, Interpreta\u00e7\u00e3o de Texto, Matem\u00e1tica, Qu\u00edmica, F\u00edsica, Biologia, Hist\u00f3ria, Filosofia, Sociologia, Geografia e Artes Semestral e Ingl\u00eas (volume \u00fanico)<\/li>\n\n\n\n<li>\u2022Sendo: Livro 1,2 e 3 para o 1\u00ba EM e Livro 4,5 e 6 para o 2\u00ba EM<\/li>\n\n\n\n<li>\u2022Revis\u00e3o Geral para o Pr\u00e9 Vestibular\/Terceiro: Gram\u00e1tica, Literatura, Reda\u00e7\u00e3o, Interpreta\u00e7\u00e3o de Texto, Matem\u00e1tica, Qu\u00edmica, F\u00edsica, Biologia, Hist\u00f3ria, Filosofia, Sociologia, Geografia e caderno de sala &#8220;Hexas&#8221; bimestrais e Artes e Ingl\u00eas volumes \u00fanicos<\/li>\n\n\n\n<li>\u2022Livros paradid\u00e1ticos \u2013 Oficina Liter\u00e1ria &#8211; Vestibular (uso individual)<\/li>\n\n\n\n<li>\u2022Ser\u00e3o solicitados pelo professor de Literatura no in\u00edcio das aulas&nbsp;<\/li>\n\n\n\n<li>\u2022Material de apoio (uso individual):<\/li>\n\n\n\n<li>\u202201 caderno universit\u00e1rio<\/li>\n\n\n\n<li>\u2022Canetas, l\u00e1pis, borracha, apontador, r\u00e9gua (30 cm), cola, l\u00e1pis de cor, marca texto, r\u00e9gua, compasso e transferidor 180\u00b0<\/li>\n\n\n\n<li>\u202201 squeeze para \u00e1gua<\/li>\n\n\n\n<li>\u202201 agenda anual para anota\u00e7\u00f5es de tarefas e informativos<\/li>\n<\/ul>\n\n\n\n<p><strong>\ud83d\udcccRecomenda\u00e7\u00f5es<\/strong><\/p>\n\n\n\n<ul class=\"wp-block-list\">\n<li>\u2022O in\u00edcio das aulas ser\u00e1 no dia 26\/01\/2026<\/li>\n\n\n\n<li>\u2022\u00c9 obrigat\u00f3rio que o (a) aluno (a) traje o uniforme escolar completo<\/li>\n\n\n\n<li>\u2022Todo material deve ser identificado com o nome e s\u00e9rie do (a) aluno (a)<\/li>\n\n\n\n<li>\u2022Conforme lei 18.058\/24 fica proibido a utiliza\u00e7\u00e3o de celulares, smartwatch, e outros dispositivos eletr\u00f4nicos por alunos na escola<\/li>\n<\/ul>\n\n\n\n<p><\/p>\n","protected":false},"excerpt":{"rendered":"<p>Lista de Materiais Escolares 2026 1\u00aa \u00e0 3\u00aa S\u00e9rie Material Escolar \ud83d\udcccRecomenda\u00e7\u00f5es<\/p>\n","protected":false},"author":1,"featured_media":0,"parent":0,"menu_order":0,"comment_status":"closed","ping_status":"closed","template":"","meta":{"_monsterinsights_skip_tracking":false,"_monsterinsights_sitenote_active":false,"_monsterinsights_sitenote_note":"","_monsterinsights_sitenote_category":0,"footnotes":""},"class_list":["post-3279","page","type-page","status-publish","hentry"],"yoast_head":"<!-- This site is optimized with the Yoast SEO plugin v27.4 - https:\/\/yoast.com\/product\/yoast-seo-wordpress\/ -->\n<title>Ensino M\u00e9dio - Col\u00e9gio Imaculada Concei\u00e7\u00e3o<\/title>\n<meta name=\"robots\" content=\"index, follow, max-snippet:-1, max-image-preview:large, max-video-preview:-1\" \/>\n<link rel=\"canonical\" href=\"https:\/\/colegioimaculadaiic.com.br\/index.php\/ensino-medio\/\" \/>\n<meta property=\"og:locale\" content=\"pt_BR\" \/>\n<meta property=\"og:type\" content=\"article\" \/>\n<meta property=\"og:title\" content=\"Ensino M\u00e9dio - Col\u00e9gio Imaculada Concei\u00e7\u00e3o\" \/>\n<meta property=\"og:description\" content=\"Lista de Materiais Escolares 2026 1\u00aa \u00e0 3\u00aa S\u00e9rie Material Escolar \ud83d\udcccRecomenda\u00e7\u00f5es\" \/>\n<meta property=\"og:url\" content=\"https:\/\/colegioimaculadaiic.com.br\/index.php\/ensino-medio\/\" \/>\n<meta property=\"og:site_name\" content=\"Col\u00e9gio Imaculada Concei\u00e7\u00e3o\" \/>\n<meta property=\"article:publisher\" content=\"https:\/\/www.facebook.com\/institutoimaculadaconceicao\/?locale=pt_BR\" \/>\n<meta property=\"article:modified_time\" content=\"2026-03-31T21:36:42+00:00\" \/>\n<meta name=\"twitter:card\" content=\"summary_large_image\" \/>\n<meta name=\"twitter:label1\" content=\"Est. tempo de leitura\" \/>\n\t<meta name=\"twitter:data1\" content=\"1 minuto\" \/>\n<script type=\"application\/ld+json\" class=\"yoast-schema-graph\">{\"@context\":\"https:\\\/\\\/schema.org\",\"@graph\":[{\"@type\":\"WebPage\",\"@id\":\"https:\\\/\\\/colegioimaculadaiic.com.br\\\/index.php\\\/ensino-medio\\\/\",\"url\":\"https:\\\/\\\/colegioimaculadaiic.com.br\\\/index.php\\\/ensino-medio\\\/\",\"name\":\"Ensino M\u00e9dio - Col\u00e9gio Imaculada Concei\u00e7\u00e3o\",\"isPartOf\":{\"@id\":\"https:\\\/\\\/colegioimaculadaiic.com.br\\\/#website\"},\"datePublished\":\"2026-03-31T21:20:48+00:00\",\"dateModified\":\"2026-03-31T21:36:42+00:00\",\"breadcrumb\":{\"@id\":\"https:\\\/\\\/colegioimaculadaiic.com.br\\\/index.php\\\/ensino-medio\\\/#breadcrumb\"},\"inLanguage\":\"pt-BR\",\"potentialAction\":[{\"@type\":\"ReadAction\",\"target\":[\"https:\\\/\\\/colegioimaculadaiic.com.br\\\/index.php\\\/ensino-medio\\\/\"]}]},{\"@type\":\"BreadcrumbList\",\"@id\":\"https:\\\/\\\/colegioimaculadaiic.com.br\\\/index.php\\\/ensino-medio\\\/#breadcrumb\",\"itemListElement\":[{\"@type\":\"ListItem\",\"position\":1,\"name\":\"In\u00edcio\",\"item\":\"https:\\\/\\\/colegioimaculadaiic.com.br\\\/\"},{\"@type\":\"ListItem\",\"position\":2,\"name\":\"Ensino M\u00e9dio\"}]},{\"@type\":\"WebSite\",\"@id\":\"https:\\\/\\\/colegioimaculadaiic.com.br\\\/#website\",\"url\":\"https:\\\/\\\/colegioimaculadaiic.com.br\\\/\",\"name\":\"Col\u00e9gio Imaculada Concei\u00e7\u00e3o\",\"description\":\"\",\"publisher\":{\"@id\":\"https:\\\/\\\/colegioimaculadaiic.com.br\\\/#organization\"},\"potentialAction\":[{\"@type\":\"SearchAction\",\"target\":{\"@type\":\"EntryPoint\",\"urlTemplate\":\"https:\\\/\\\/colegioimaculadaiic.com.br\\\/?s={search_term_string}\"},\"query-input\":{\"@type\":\"PropertyValueSpecification\",\"valueRequired\":true,\"valueName\":\"search_term_string\"}}],\"inLanguage\":\"pt-BR\"},{\"@type\":\"Organization\",\"@id\":\"https:\\\/\\\/colegioimaculadaiic.com.br\\\/#organization\",\"name\":\"Col\u00e9gio Imaculada Concei\u00e7\u00e3o\",\"url\":\"https:\\\/\\\/colegioimaculadaiic.com.br\\\/\",\"logo\":{\"@type\":\"ImageObject\",\"inLanguage\":\"pt-BR\",\"@id\":\"https:\\\/\\\/colegioimaculadaiic.com.br\\\/#\\\/schema\\\/logo\\\/image\\\/\",\"url\":\"https:\\\/\\\/colegioimaculadaiic.com.br\\\/wp-content\\\/uploads\\\/2025\\\/11\\\/cropped-logo.jpg\",\"contentUrl\":\"https:\\\/\\\/colegioimaculadaiic.com.br\\\/wp-content\\\/uploads\\\/2025\\\/11\\\/cropped-logo.jpg\",\"width\":688,\"height\":688,\"caption\":\"Col\u00e9gio Imaculada Concei\u00e7\u00e3o\"},\"image\":{\"@id\":\"https:\\\/\\\/colegioimaculadaiic.com.br\\\/#\\\/schema\\\/logo\\\/image\\\/\"},\"sameAs\":[\"https:\\\/\\\/www.facebook.com\\\/institutoimaculadaconceicao\\\/?locale=pt_BR\",\"https:\\\/\\\/www.instagram.com\\\/institutoimaculadaconceicao\\\/\"]}]}<\/script>\n<!-- \/ Yoast SEO plugin. -->","yoast_head_json":{"title":"Ensino M\u00e9dio - Col\u00e9gio Imaculada Concei\u00e7\u00e3o","robots":{"index":"index","follow":"follow","max-snippet":"max-snippet:-1","max-image-preview":"max-image-preview:large","max-video-preview":"max-video-preview:-1"},"canonical":"https:\/\/colegioimaculadaiic.com.br\/index.php\/ensino-medio\/","og_locale":"pt_BR","og_type":"article","og_title":"Ensino M\u00e9dio - Col\u00e9gio Imaculada Concei\u00e7\u00e3o","og_description":"Lista de Materiais Escolares 2026 1\u00aa \u00e0 3\u00aa S\u00e9rie Material Escolar \ud83d\udcccRecomenda\u00e7\u00f5es","og_url":"https:\/\/colegioimaculadaiic.com.br\/index.php\/ensino-medio\/","og_site_name":"Col\u00e9gio Imaculada Concei\u00e7\u00e3o","article_publisher":"https:\/\/www.facebook.com\/institutoimaculadaconceicao\/?locale=pt_BR","article_modified_time":"2026-03-31T21:36:42+00:00","twitter_card":"summary_large_image","twitter_misc":{"Est. tempo de leitura":"1 minuto"},"schema":{"@context":"https:\/\/schema.org","@graph":[{"@type":"WebPage","@id":"https:\/\/colegioimaculadaiic.com.br\/index.php\/ensino-medio\/","url":"https:\/\/colegioimaculadaiic.com.br\/index.php\/ensino-medio\/","name":"Ensino M\u00e9dio - Col\u00e9gio Imaculada Concei\u00e7\u00e3o","isPartOf":{"@id":"https:\/\/colegioimaculadaiic.com.br\/#website"},"datePublished":"2026-03-31T21:20:48+00:00","dateModified":"2026-03-31T21:36:42+00:00","breadcrumb":{"@id":"https:\/\/colegioimaculadaiic.com.br\/index.php\/ensino-medio\/#breadcrumb"},"inLanguage":"pt-BR","potentialAction":[{"@type":"ReadAction","target":["https:\/\/colegioimaculadaiic.com.br\/index.php\/ensino-medio\/"]}]},{"@type":"BreadcrumbList","@id":"https:\/\/colegioimaculadaiic.com.br\/index.php\/ensino-medio\/#breadcrumb","itemListElement":[{"@type":"ListItem","position":1,"name":"In\u00edcio","item":"https:\/\/colegioimaculadaiic.com.br\/"},{"@type":"ListItem","position":2,"name":"Ensino M\u00e9dio"}]},{"@type":"WebSite","@id":"https:\/\/colegioimaculadaiic.com.br\/#website","url":"https:\/\/colegioimaculadaiic.com.br\/","name":"Col\u00e9gio Imaculada Concei\u00e7\u00e3o","description":"","publisher":{"@id":"https:\/\/colegioimaculadaiic.com.br\/#organization"},"potentialAction":[{"@type":"SearchAction","target":{"@type":"EntryPoint","urlTemplate":"https:\/\/colegioimaculadaiic.com.br\/?s={search_term_string}"},"query-input":{"@type":"PropertyValueSpecification","valueRequired":true,"valueName":"search_term_string"}}],"inLanguage":"pt-BR"},{"@type":"Organization","@id":"https:\/\/colegioimaculadaiic.com.br\/#organization","name":"Col\u00e9gio Imaculada Concei\u00e7\u00e3o","url":"https:\/\/colegioimaculadaiic.com.br\/","logo":{"@type":"ImageObject","inLanguage":"pt-BR","@id":"https:\/\/colegioimaculadaiic.com.br\/#\/schema\/logo\/image\/","url":"https:\/\/colegioimaculadaiic.com.br\/wp-content\/uploads\/2025\/11\/cropped-logo.jpg","contentUrl":"https:\/\/colegioimaculadaiic.com.br\/wp-content\/uploads\/2025\/11\/cropped-logo.jpg","width":688,"height":688,"caption":"Col\u00e9gio Imaculada Concei\u00e7\u00e3o"},"image":{"@id":"https:\/\/colegioimaculadaiic.com.br\/#\/schema\/logo\/image\/"},"sameAs":["https:\/\/www.facebook.com\/institutoimaculadaconceicao\/?locale=pt_BR","https:\/\/www.instagram.com\/institutoimaculadaconceicao\/"]}]}},"_links":{"self":[{"href":"https:\/\/colegioimaculadaiic.com.br\/index.php\/wp-json\/wp\/v2\/pages\/3279","targetHints":{"allow":["GET"]}}],"collection":[{"href":"https:\/\/colegioimaculadaiic.com.br\/index.php\/wp-json\/wp\/v2\/pages"}],"about":[{"href":"https:\/\/colegioimaculadaiic.com.br\/index.php\/wp-json\/wp\/v2\/types\/page"}],"author":[{"embeddable":true,"href":"https:\/\/colegioimaculadaiic.com.br\/index.php\/wp-json\/wp\/v2\/users\/1"}],"replies":[{"embeddable":true,"href":"https:\/\/colegioimaculadaiic.com.br\/index.php\/wp-json\/wp\/v2\/comments?post=3279"}],"version-history":[{"count":3,"href":"https:\/\/colegioimaculadaiic.com.br\/index.php\/wp-json\/wp\/v2\/pages\/3279\/revisions"}],"predecessor-version":[{"id":3295,"href":"https:\/\/colegioimaculadaiic.com.br\/index.php\/wp-json\/wp\/v2\/pages\/3279\/revisions\/3295"}],"wp:attachment":[{"href":"https:\/\/colegioimaculadaiic.com.br\/index.php\/wp-json\/wp\/v2\/media?parent=3279"}],"curies":[{"name":"wp","href":"https:\/\/api.w.org\/{rel}","templated":true}]}}

Ensino Médio

<h2 class="wp-block-heading has-large-font-size"><strong>Lista de Materiais Escolares 2026</strong></h2>



<h2 class="wp-block-heading has-large-font-size">1ª à 3ª Série</h2>



<p><strong>Material Escolar</strong></p>



<ul class="wp-block-list">
<li>•Material Didático: Sistema de Ensino Poliedro</li>



<li>•Gramática, Literatura, Redação, Interpretação de Texto, Matemática, Química, Física, Biologia, História, Filosofia, Sociologia, Geografia e Artes Semestral e Inglês (volume único)</li>



<li>•Sendo: Livro 1,2 e 3 para o 1º EM e Livro 4,5 e 6 para o 2º EM</li>



<li>•Revisão Geral para o Pré Vestibular/Terceiro: Gramática, Literatura, Redação, Interpretação de Texto, Matemática, Química, Física, Biologia, História, Filosofia, Sociologia, Geografia e caderno de sala &#8220;Hexas&#8221; bimestrais e Artes e Inglês volumes únicos</li>



<li>•Livros paradidáticos – Oficina Literária &#8211; Vestibular (uso individual)</li>



<li>•Serão solicitados pelo professor de Literatura no início das aulas&nbsp;</li>



<li>•Material de apoio (uso individual):</li>



<li>•01 caderno universitário</li>



<li>•Canetas, lápis, borracha, apontador, régua (30 cm), cola, lápis de cor, marca texto, régua, compasso e transferidor 180°</li>



<li>•01 squeeze para água</li>



<li>•01 agenda anual para anotações de tarefas e informativos</li>
</ul>



<p><strong>📌Recomendações</strong></p>



<ul class="wp-block-list">
<li>•O início das aulas será no dia 26/01/2026</li>



<li>•É obrigatório que o (a) aluno (a) traje o uniforme escolar completo</li>



<li>•Todo material deve ser identificado com o nome e série do (a) aluno (a)</li>



<li>•Conforme lei 18.058/24 fica proibido a utilização de celulares, smartwatch, e outros dispositivos eletrônicos por alunos na escola</li>
</ul>



<p></p>

<p>Lista de Materiais Escolares 2026 1ª à 3ª Série Material Escolar 📌Recomendações</p>

<!-- This site is optimized with the Yoast SEO plugin v27.4 - https://yoast.com/product/yoast-seo-wordpress/ -->
<title>Ensino Médio - Colégio Imaculada Conceição</title>
<meta name="robots" content="index, follow, max-snippet:-1, max-image-preview:large, max-video-preview:-1" />
<link rel="canonical" href="https://colegioimaculadaiic.com.br/index.php/ensino-medio/" />
<meta property="og:locale" content="pt_BR" />
<meta property="og:type" content="article" />
<meta property="og:title" content="Ensino Médio - Colégio Imaculada Conceição" />
<meta property="og:description" content="Lista de Materiais Escolares 2026 1ª à 3ª Série Material Escolar 📌Recomendações" />
<meta property="og:url" content="https://colegioimaculadaiic.com.br/index.php/ensino-medio/" />
<meta property="og:site_name" content="Colégio Imaculada Conceição" />
<meta property="article:publisher" content="https://www.facebook.com/institutoimaculadaconceicao/?locale=pt_BR" />
<meta property="article:modified_time" content="2026-03-31T21:36:42+00:00" />
<meta name="twitter:card" content="summary_large_image" />
<meta name="twitter:label1" content="Est. tempo de leitura" />
	<meta name="twitter:data1" content="1 minuto" />
<script type="application/ld+json" class="yoast-schema-graph">{"@context":"https:\/\/schema.org","@graph":[{"@type":"WebPage","@id":"https:\/\/colegioimaculadaiic.com.br\/index.php\/ensino-medio\/","url":"https:\/\/colegioimaculadaiic.com.br\/index.php\/ensino-medio\/","name":"Ensino Médio - Colégio Imaculada Conceição","isPartOf":{"@id":"https:\/\/colegioimaculadaiic.com.br\/#website"},"datePublished":"2026-03-31T21:20:48+00:00","dateModified":"2026-03-31T21:36:42+00:00","breadcrumb":{"@id":"https:\/\/colegioimaculadaiic.com.br\/index.php\/ensino-medio\/#breadcrumb"},"inLanguage":"pt-BR","potentialAction":[{"@type":"ReadAction","target":["https:\/\/colegioimaculadaiic.com.br\/index.php\/ensino-medio\/"]}]},{"@type":"BreadcrumbList","@id":"https:\/\/colegioimaculadaiic.com.br\/index.php\/ensino-medio\/#breadcrumb","itemListElement":[{"@type":"ListItem","position":1,"name":"Início","item":"https:\/\/colegioimaculadaiic.com.br\/"},{"@type":"ListItem","position":2,"name":"Ensino Médio"}]},{"@type":"WebSite","@id":"https:\/\/colegioimaculadaiic.com.br\/#website","url":"https:\/\/colegioimaculadaiic.com.br\/","name":"Colégio Imaculada Conceição","description":"","publisher":{"@id":"https:\/\/colegioimaculadaiic.com.br\/#organization"},"potentialAction":[{"@type":"SearchAction","target":{"@type":"EntryPoint","urlTemplate":"https:\/\/colegioimaculadaiic.com.br\/?s={search_term_string}"},"query-input":{"@type":"PropertyValueSpecification","valueRequired":true,"valueName":"search_term_string"}}],"inLanguage":"pt-BR"},{"@type":"Organization","@id":"https:\/\/colegioimaculadaiic.com.br\/#organization","name":"Colégio Imaculada Conceição","url":"https:\/\/colegioimaculadaiic.com.br\/","logo":{"@type":"ImageObject","inLanguage":"pt-BR","@id":"https:\/\/colegioimaculadaiic.com.br\/#\/schema\/logo\/image\/","url":"https:\/\/colegioimaculadaiic.com.br\/wp-content\/uploads\/2025\/11\/cropped-logo.jpg","contentUrl":"https:\/\/colegioimaculadaiic.com.br\/wp-content\/uploads\/2025\/11\/cropped-logo.jpg","width":688,"height":688,"caption":"Colégio Imaculada Conceição"},"image":{"@id":"https:\/\/colegioimaculadaiic.com.br\/#\/schema\/logo\/image\/"},"sameAs":["https:\/\/www.facebook.com\/institutoimaculadaconceicao\/?locale=pt_BR","https:\/\/www.instagram.com\/institutoimaculadaconceicao\/"]}]}</script>
<!-- / Yoast SEO plugin. -->

Ensino Médio - Colégio Imaculada Conceição

Lista de Materiais Escolares 2026 1ª à 3ª Série Material Escolar 📌Recomendações

Colégio Imaculada Conceição

Início
